rs of f?
2, 7
Let x(u) = 2*u**2 + 14*u - 14. Let h(c) = c**2 + 15*c - 14. Let d(m) = 3*h(m) - 2*x(m). What are the prime factors of d(16)?
2
Let q(i) = 2*i**2 + 15*i + 12. Let m be q(-12). Suppose 5*w - 62 = 2*v + m, 33 = w + 3*v. List the prime factors of w.
2, 3
Let l = 2819 + -833. What are the prime factors of l?
2, 3, 331
Suppose 1792 = 7*q - 0*q. Let c = q - 131. What are the prime factors of c?
5
Let r(k) = -k**2 - 11*k - 9. Let x be r(-8). List the prime factors of ((-31)/3 + (-10)/x)/(-1).
11
Suppose -3*u - p = 1, 3*u + 3*p = 4*u - 3. Suppose -2*n = u, -2*n - 470 + 48 = -2*m. What are the prime factors of m?
211
Let f(a) = -11*a**2 - 30*a - 41. Let u(r) = -7*r**2 - 20*r - 27. Let n(y) = 5*f(y) - 8*u(y). Let z be n(-9). What are the prime factors of (81/18)/(z/4)?
3
List the prime factors of ((-30)/120 - (-5154)/8) + 2.
2, 17, 19
Suppose -7494 = 8*b - 12*b + 3*d, 0 = 5*b + 4*d - 9383. What are the prime factors of b?
3, 5
Let t(l) = -19*l**3 + 3*l**2 + 32*l + 8. List the prime factors of t(-4).
2, 11, 13
Suppose -2*l = -67*p + 63*p - 1608, -5*p + 2368 = 3*l. List the prime factors of l.
2, 199
Suppose 5*p = 3*v + 25, -4*p + 0*p - 5*v = -20. Let t be (4/p)/((-1)/(-30)). Let a = -6 + t. List the prime factors of a.
2, 3
Let k(v) = v**2 + 4*v - 6. Let t be k(-5). Suppose 2*j - 5*f + 9 - 10 = 0, -3*j - 4*f = 33. Let w = t - j. List the prime factors of w.
2, 3
Suppose -10*z = -16350 - 38170. What are the prime factors of z?
2, 29, 47
Let o(s) = s**3 + 8*s**2 + 4*s + 5. Suppose 4*i = k - 11, -31 = 4*k + 2*i - 3. Let l be o(k). Suppose 14*p - l = 10*p. List the prime factors of p.
3, 5
Suppose 7*q = -45 + 3. Let d(i) = -i**3 - 3*i**2 + 4*i + 6. What are the prime factors of d(q)?
2, 3, 5
Let n = -98 - -242. Suppose -13*g + n = -9*g. What are the prime factors of g?
2, 3
Let a(q) be the second derivative of 5*q**4/12 - q**3/6 + 9*q. Let i be a(1). Suppose -j - 7 = -2*j + i*h, 0 = -3*j - 5*h + 4. What are the prime factors of j?
3
Suppose 4*w + 2359 = 5*c, 434 - 1380 = -2*c + 4*w. List the prime factors of c.
3, 157
Let n(f) = 4*f**2 - 20*f - 84. List the prime factors of n(-6).
2, 3, 5
List the prime factors of 6231*96/(-72)*(-1)/4.
31, 67
Let f(q) = 2*q + 48. Let c be f(-23). Suppose -x = 4*v - 38, -3*x - c*x + 115 = 5*v. What are the prime factors of x?
2, 3
Let r = -10 + 12. Let c be 3/(r/(150/9)). Suppose -4*g = -3*x + 15, 0*g - c = -5*x + 3*g. List the prime factors of x.
5
Suppose 0 = -5*c - 5*y - 30, -35 = -2*c + 7*c + 4*y. Let f = c + -7. Let d = -10 - f. List the prime factors of d.
2
Let z be 1/3 - (4 + (-50)/(-6)). List the prime factors of (-1264)/z - (-1 - (-1)/3).
2, 53
What are the prime factors of 72342/144 + 3/(-8)?
2, 251
Let n(g) = 8*g - 37. Let j be n(11). Let k = -47 + j. What are the prime factors of k?
2
Let a(s) = s**2 - s - 1. Let m(o) = 2*o**2 + 8*o + 15. Let u(j) = -a(j) + m(j). What are the prime factors of u(-7)?
2
Let x(a) = 165*a - 235. What are the prime factors of x(7)?
2, 5, 23
Suppose 0*z = -5*y + 2*z + 1172, 703 = 3*y - z. What are the prime factors of y?
2, 3, 13
Let h be -3 + (-91)/(-21) + (-310)/(-6). Let p = h - -43. List the prime factors of p.
2, 3
Let z(s) = 5*s + 445. List the prime factors of z(0).
5, 89
Let j(n) = n**2 + 22*n + 35. What are the prime factors of j(9)?
2, 157
Suppose -72 = -0*f - 3*f + 3*y, -4*f - 2*y = -72. Let d be -5*4/(f/(-7)). Suppose -3*k + d = 1. List the prime factors of k.
2
Let u(s) = -s**2 + 28*s + 4. Let g = -112 + 124. List the prime factors of u(g).
2, 7
Suppose -44 = -5*a + 4*a - 3*q, 42 = a + 5*q. Let l = -21 + a. What are the prime factors of l?
2, 13
What are the prime factors of 11121*(290/(-30) + 10)?
11, 337
Suppose 2 = -0*k + 2*k. Let w = k - -22. List the prime factors of w.
23
Let h(r) = -11 + 14 - 11 - 52*r - 6*r. What are the prime factors of h(-2)?
2, 3
Suppose 2*j = -4*p + 4 + 2, 5*j = 5*p - 15. Suppose 4*y - b - 60 = 0, 0 + 40 = 2*y + p*b. Suppose y = 3*n + 7. List the prime factors of n.
3
Let q be (16/20)/(6/495). Let l = -8 + q. List the prime factors of l.
2, 29
Suppose -5*n - 6*n = 2464. Let m = n - -455. List the prime factors of m.
3, 7, 11
Let x(p) = -6*p + 78. Let q be x(13). Suppose 3*b + 4*m = 583, q*m - 5*m = -2*b + 427. List the prime factors of b.
3, 67
Let c = 1048 - 515. What are the prime factors of c?
13, 41
Let i(s) = 171*s**2 - 4*s + 3. Let g(h) = 172*h**2 - 5*h + 4. Let r(y) = -3*g(y) + 4*i(y). List the prime factors of r(-1).
13
Suppose 0 = 8*z - 1058 - 622. Let y = -91 + z. List the prime factors of y.
7, 17
Let i = 52 + -48. List the prime factors of (i/(-6)*2)/(8/(-60)).
2, 5
Suppose 0 = -3*k - 3*s + 12, -k + s - 4 = -4*k. Suppose -8*x + 10*x - 214 = k. What are the prime factors of x?
107
Suppose -g + 3542 = 689. What are the prime factors of g?
3, 317
Let r = -960 - -1710. What are the prime factors of r?
2, 3, 5
Let k = 2 + -7. Let i be (-9)/54 - 53/6. Let h = k - i. List the prime factors of h.
2
Suppose -30 = 4*i + 122. Let x = -90 - -173. Let z = x + i. List the prime factors of z.
3, 5
Let i = 31 - 17. Let a = i - 10. Suppose -a*w - 3 = s, -s - 1 = -w - 13. List the prime factors of s.
3
Suppose -4*n + 2 - 6 = 0. Let y = n + 60. What are the prime factors of y?
59
Suppose 0 = -159*f + 166*f - 252. List the prime factors of f.
2, 3
Let n = -13 - -9. Let d(j) be the second derivative of -13*j**3/6 - 5*j**2 + 3*j. What are the prime factors of d(n)?
2, 3, 7
Let x be -4*(-3)/4*1. Suppose -2*w - x*w + 315 = 0. Suppose -q = -3*c - 5*q + w, 2*c - 35 = -5*q. What are the prime factors of c?
5
Let w be (-2)/5*4720/16. Let u = w - -200. Suppose 4*p = -0*p + 2*j + 310, u = p - 5*j. List the prime factors of p.
7, 11
Let t = -363 + 508. List the prime factors of t.
5, 29
Let z = -111 - -273. Suppose 4*w + z = 6*w. What are the prime factors of w?
3
Suppose -2*j = -q + 59, -3*q = -2*q + 1. Suppose -4*k + h + 208 = -9*k, -4*k + 4*h = 152. Let y = j - k. What are the prime factors of y?
11
Let w = 1105 + -925. What are the prime factors of w?
2, 3, 5
Let y(c) = 18*c**2 + 1. Let n be y(1). Suppose 4*t - n - 5 = 0. Let i(r) = 7*r + 15. What are the prime factors of i(t)?
3, 19
Let m(o) = -o**3 - 2*o**2 - o + 1. Let r be m(-2). Let y be (1 + r)/((-3)/27). Let x = 71 + y. What are the prime factors of x?
5, 7
Suppose -9*f + 10*f = 145. Suppose 4*g - 3*m - f = 0, 2*g + 2*m = 3*g - 40. What are the prime factors of g?
2, 17
Let n(m) = -420*m**3 - 2*m**2 + 3. List the prime factors of n(-1).
421
Let j be (-4)/10 + 6/15. Suppose j = -5*n + 2*r + 284, -r + 1 = 3. What are the prime factors of n?
2, 7
Suppose 3*a = 2*j - 51, 5*a + 64 = 3*j + 3*a. Suppose -3*m + 762 = 3*r + j, -r + 4*m + 243 = 0. List the prime factors of r.
13, 19
Let o = -3 + -1. Let h(z) = -z**3 - 2*z**2 + z + 5. Let k(c) = c**3 + 2*c**2 - c - 6. Let d(r) = 4*h(r) + 3*k(r). What are the prime factors of d(o)?
2, 3, 5
Suppose 0 = -3*l - 0 + 3. Suppose -3*s = -14 - l. Suppose -5*i + 116 = -3*m, -s*i + m + 110 = -4*m. What are the prime factors of i?
5
Let u(d) = 36*d + 3. Let a be u(-3). Let i be a/(-9)*2*3. Suppose -7*s = -2*s - 4*w - 55, 0 = 3*s + 5*w - i. What are the prime factors of s?
3, 5
Let m = 8 + 1. List the prime factors of (m/(-6))/(1/(-66)).
3, 11
Suppose 3*h - 5*h = 10. Let f be (4/h)/((-4)/70). Let u = f + 4. List the prime factors of u.
2, 3
Suppose 102 = 2*x + 4*b, -3*x - 3*b + 4*b + 167 = 0. What are the prime factors of x?
5, 11
Let r(c) = -5*c - 8. Let d be r(-4). Suppose 4*j - 223 = 5*s, 3*s + d = 4*j - 213. Suppose 0*l = 3*u - 3*l - j, 0 = -u - 3*l + 39. List the prime factors of u.
2, 3
Suppose -3*i = 2*p - 2, -4*i - 6 = -p + 6. Suppose 6*a - p = 386. What are the prime factors of a/1 + 0 + 2?
67
Suppose -16 = -101*s + 97*s. Suppose -4*y + 2 = -2, s*y + 26 = c. What are the prime factors of c?
2, 3, 5
Let f be 20/(-2)*(-2)/4. Let m = 56 - 35. Let h = m - f. List the prime factors of h.
2
Let m = -193 - -270. Suppose 0 = -2*c - 0 + 6, -4*b - c - m = 0. Let l = b + 42. What are the prime factors of l?
2, 11
Let r = -1314 - -904. List the prime factors of ((-10)/25)/(2/r).
2, 41
Let t(h) = h**3 - 8*h**2 + 13*h - 12. Let u = -97 - -106. List the prime factors of t(u).
2, 3, 31
Suppose -135264 = 106*r - 138*r. List the prime factors of r.
3, 1409
Suppose -d